{"id":2805,"date":"2014-09-27T09:00:43","date_gmt":"2014-09-27T09:00:43","guid":{"rendered":"https:\/\/www.fundacionyuste.org:8008\/?page_id=2805"},"modified":"2015-04-20T16:44:58","modified_gmt":"2015-04-20T16:44:58","slug":"academy-objectives","status":"publish","type":"page","link":"https:\/\/www.fundacionyuste.org\/en\/academy-objectives\/","title":{"rendered":"EUROPEAN ACADEMY OF YUSTE"},"content":{"rendered":"<p>[et_pb_section fullwidth=&#8221;off&#8221; specialty=&#8221;off&#8221;][et_pb_row][et_pb_column type=&#8221;1_3&#8243;][et_pb_sidebar admin_label=&#8221;Sidebar&#8221; orientation=&#8221;left&#8221; area=&#8221;et_pb_widget_area_11&#8243; background_layout=&#8221;light&#8221; \/][\/et_pb_column][et_pb_column type=&#8221;2_3&#8243;][et_pb_text admin_label=&#8221;Text&#8221; background_layout=&#8221;light&#8221; text_orientation=&#8221;left&#8221;]<\/p>\n<h1>PRINCIPLES AND OBJECTIVES<\/h1>\n<p>&nbsp;<\/p>\n<p>[\/et_pb_text][et_pb_image admin_label=&#8221;Image&#8221; src=&#8221;https:\/\/www.fundacionyuste.org\/wp-content\/uploads\/2014\/09\/academia_big.jpg&#8221; show_in_lightbox=&#8221;on&#8221; url_new_window=&#8221;off&#8221; animation=&#8221;top&#8221; \/][et_pb_text admin_label=&#8221;Text&#8221; background_layout=&#8221;light&#8221; text_orientation=&#8221;left&#8221;]<\/p>\n<h2>The Academy<\/h2>\n<p>The European Academy of Yuste is made up of renowned European figures who have excelled in their creative or research work, thereby promoting the construction of the European cultural heritage and the progress and development of the sciences.<\/p>\n<p>The meetings of the Academy have addressed the main challenges of the process of European integration.<\/p>\n<h2>The declarations made by the European Academy of Yuste are:<\/h2>\n<blockquote><p><a href=\"http:\/\/www.fundacionyuste.es\/desarrollo\/index.php?option=com_docman&amp;task=doc_download&amp;gid=22&amp;Itemid=112http:\/\/\" target=\"_blank\"><em><strong>\u201cWhat All European Schoolchildren Should Learn About Europe\u201d<\/strong><\/em><\/a><\/p>\n<p><a href=\"http:\/\/www.fundacionyuste.es\/desarrollo\/index.php?option=com_docman&amp;task=doc_download&amp;gid=11\" target=\"_blank\">\u201c<em><strong>Perspectives for a citizens\u2019 and social europe\u201d<\/strong><\/em><\/a><\/p>\n<p><a href=\"http:\/\/www.fundacionyuste.es\/desarrollo\/index.php?option=com_docman&amp;task=doc_download&amp;gid=7\" target=\"_blank\"><em><strong>\u201cEurope and the issue of ageing\u201d<\/strong><\/em><\/a><\/p>\n<p><a href=\"http:\/\/www.fundacionyuste.es\/desarrollo\/index.php?option=com_docman&amp;task=doc_download&amp;gid=3&amp;Itemid=112\"><em><strong>\u201cEurope: A Culture for Solidarity\u201d<\/strong><\/em><\/a><\/p><\/blockquote>\n<p>&nbsp;<\/p>\n<p>&nbsp;<\/p>\n<p>[\/et_pb_text][\/et_pb_column][\/et_pb_row][\/et_pb_section]<\/p>\n","protected":false},"excerpt":{"rendered":"<p><div class=\"et_pb_row et_pb_row_0 et_pb_row_empty\">\n\t\t\t\t\n\t\t\t\t\n\t\t\t\t\n\t\t\t\t\n\t\t\t\t\n\t\t\t<\/div> PRINCIPLES AND OBJECTIVES &nbsp; The Academy The European Academy of Yuste is made up of renowned European figures who have excelled in their creative or research work, thereby promoting the construction of the European cultural heritage and the progress and development of the sciences. The meetings of the Academy have addressed the main challenges [&hellip;]<\/p>\n","protected":false},"author":1,"featured_media":0,"parent":0,"menu_order":0,"comment_status":"open","ping_status":"closed","template":"","meta":{"_et_pb_use_builder":"on","_et_pb_old_content":"<p>[et_pb_section fullwidth=\"off\" specialty=\"off\"][et_pb_row][et_pb_column type=\"1_3\"][et_pb_sidebar admin_label=\"Sidebar\" orientation=\"left\" area=\"et_pb_widget_area_3\" background_layout=\"light\" \/][\/et_pb_column][et_pb_column type=\"2_3\"][et_pb_text admin_label=\"Text\" background_layout=\"light\" text_orientation=\"left\"]<\/p><h1>OBJETIVOS DE LA ACADEMIA<\/h1><p>[\/et_pb_text][et_pb_image admin_label=\"Image\" src=\"https:\/\/www.fundacionyuste.org:8008\/wp-content\/uploads\/2014\/09\/academia_big.jpg\" show_in_lightbox=\"on\" url_new_window=\"off\" animation=\"top\" \/][et_pb_text admin_label=\"Text\" background_layout=\"light\" text_orientation=\"left\"]<\/p><h2>La Academia<\/h2><p>La Academia Europea de Yuste se cre\u00f3 como \u00f3rgano asesor de la Fundaci\u00f3n. La Academia se compone de sillones simb\u00f3licos, cada uno de los cuales lleva el nombre de un personaje europeo de relevancia hist\u00f3rica o art\u00edstica, y que son ocupados por personalidades europeas de reconocido prestigio intelectual o cultural, quienes ostentan la distinci\u00f3n de Acad\u00e9mico de la Academia Europea de Yuste.<\/p><p>Con el nombramiento de Acad\u00e9micos, la Fundaci\u00f3n Academia Europea de Yuste desea ir distinguiendo expresamente, en orden a sus m\u00e9ritos y circunstancias personales, a aquellas personas que hayan destacado por su labor creadora o de investigaci\u00f3n, impulsando con su trabajo la construcci\u00f3n del patrimonio com\u00fan cultural y el progreso y desarrollo de las ciencias en general. Los acad\u00e9micos representan a los diferentes pa\u00edses, ramas y manifestaciones de la cultura (Letras, Artes, Ciencias Sociales y Filos\u00f3ficas, Investigaci\u00f3n Cient\u00edfica,\u2026). Desde su creaci\u00f3n en 1992, uno de los objetivos principales de la Fundaci\u00f3n Academia\u00a0 Europea de Yuste ha sido el de convertir la Academia Europea de Yuste en la caja de resonancia de todas las inquietudes europeas, pues no en vano en ella se re\u00fanen Acad\u00e9micos a los que \u201cnada humano les es ajeno\u201d, seg\u00fan el aforismo cl\u00e1sico que sustancia buena parte de las aspiraciones humanistas que desea transmitir la Academia.<\/p><p>La Academia se re\u00fane peri\u00f3dicamente para producir declaraciones sobre temas de actualidad que afectan a la problem\u00e1tica europea.<\/p><p>\u00a0<\/p><h2>Las Declaraciones de la Academia Europea de Yuste son:<\/h2><blockquote><div id=\"lipsum\"><strong><em>\u201cLo que todos los escolares europeos deben saber sobre Europa\u201d <\/em><\/strong><\/div><div><strong><em>\u201cLa Europa Social y de los ciudadanos\u201d<br \/> <\/em><\/strong><\/div><div><strong><em>\u201cEuropa ante el envejecimiento demogr\u00e1fico\u201d<br \/> <\/em><\/strong><\/div><div><strong><em>\u201cEuropa, una cultura para la solidaridad\u201d <a href=\"https:\/\/www.fundacionyuste.org:8008\/wp-content\/uploads\/2014\/09\/flag_ingles.jpg\"><br \/> <\/a><br \/> <\/em><\/strong><\/div><\/blockquote><p>[\/et_pb_text][\/et_pb_column][\/et_pb_row][\/et_pb_section]<\/p>","_et_gb_content_width":"","_links_to":"","_links_to_target":""},"_links":{"self":[{"href":"https:\/\/www.fundacionyuste.org\/en\/wp-json\/wp\/v2\/pages\/2805"}],"collection":[{"href":"https:\/\/www.fundacionyuste.org\/en\/wp-json\/wp\/v2\/pages"}],"about":[{"href":"https:\/\/www.fundacionyuste.org\/en\/wp-json\/wp\/v2\/types\/page"}],"author":[{"embeddable":true,"href":"https:\/\/www.fundacionyuste.org\/en\/wp-json\/wp\/v2\/users\/1"}],"replies":[{"embeddable":true,"href":"https:\/\/www.fundacionyuste.org\/en\/wp-json\/wp\/v2\/comments?post=2805"}],"version-history":[{"count":0,"href":"https:\/\/www.fundacionyuste.org\/en\/wp-json\/wp\/v2\/pages\/2805\/revisions"}],"wp:attachment":[{"href":"https:\/\/www.fundacionyuste.org\/en\/wp-json\/wp\/v2\/media?parent=2805"}],"curies":[{"name":"wp","href":"https:\/\/api.w.org\/{rel}","templated":true}]}}

<p>[et_pb_section fullwidth="off" specialty="off"][et_pb_row][et_pb_column type="1_3"][et_pb_sidebar admin_label="Sidebar" orientation="left" area="et_pb_widget_area_3" background_layout="light" /][/et_pb_column][et_pb_column type="2_3"][et_pb_text admin_label="Text" background_layout="light" text_orientation="left"]</p><h1>OBJETIVOS DE LA ACADEMIA</h1><p>[/et_pb_text][et_pb_image admin_label="Image" src="https://www.fundacionyuste.org:8008/wp-content/uploads/2014/09/academia_big.jpg" show_in_lightbox="on" url_new_window="off" animation="top" /][et_pb_text admin_label="Text" background_layout="light" text_orientation="left"]</p><h2>La Academia</h2><p>La Academia Europea de Yuste se creó como órgano asesor de la Fundación. La Academia se compone de sillones simbólicos, cada uno de los cuales lleva el nombre de un personaje europeo de relevancia histórica o artística, y que son ocupados por personalidades europeas de reconocido prestigio intelectual o cultural, quienes ostentan la distinción de Académico de la Academia Europea de Yuste.</p><p>Con el nombramiento de Académicos, la Fundación Academia Europea de Yuste desea ir distinguiendo expresamente, en orden a sus méritos y circunstancias personales, a aquellas personas que hayan destacado por su labor creadora o de investigación, impulsando con su trabajo la construcción del patrimonio común cultural y el progreso y desarrollo de las ciencias en general. Los académicos representan a los diferentes países, ramas y manifestaciones de la cultura (Letras, Artes, Ciencias Sociales y Filosóficas, Investigación Científica,…). Desde su creación en 1992, uno de los objetivos principales de la Fundación Academia  Europea de Yuste ha sido el de convertir la Academia Europea de Yuste en la caja de resonancia de todas las inquietudes europeas, pues no en vano en ella se reúnen Académicos a los que “nada humano les es ajeno”, según el aforismo clásico que sustancia buena parte de las aspiraciones humanistas que desea transmitir la Academia.</p><p>La Academia se reúne periódicamente para producir declaraciones sobre temas de actualidad que afectan a la problemática europea.</p><p> </p><h2>Las Declaraciones de la Academia Europea de Yuste son:</h2><blockquote><div id="lipsum"><strong><em>“Lo que todos los escolares europeos deben saber sobre Europa” </em></strong></div><div><strong><em>“La Europa Social y de los ciudadanos”<br /> </em></strong></div><div><strong><em>“Europa ante el envejecimiento demográfico”<br /> </em></strong></div><div><strong><em>“Europa, una cultura para la solidaridad” <a href="https://www.fundacionyuste.org:8008/wp-content/uploads/2014/09/flag_ingles.jpg"><br /> </a><br /> </em></strong></div></blockquote><p>[/et_pb_text][/et_pb_column][/et_pb_row][/et_pb_section]</p>
